0)*(-20)/(-8). What are the prime factors of (310/v)/(2/(-3))?
31
Suppose 3*z + 32 = -z. Let q = 12 + z. List the prime factors of q.
2
Suppose -4*z + 3*n = -3*z + 16, 5*z = n - 10. Let u be (3 + 0 - 3)/z. Suppose -b + 2*j + 21 = u, 5 + 17 = 2*b + j. What are the prime factors of b?
13
What are the prime factors of (56/(-3))/((-10)/45 - 0)?
2, 3, 7
Let v = 117 + -62. List the prime factors of v.
5, 11
Suppose -4*g + 40 = -4*q, -4*q - 28 = 3*g - 2. Let j = 32 + q. What are the prime factors of j?
2, 3
Suppose -t + 112 = 4*q, -5*t + 6*q + 514 = 3*q. Suppose -t = -3*w - w. What are the prime factors of w?
2, 13
Suppose -5*d + 19 = -2*n, 5*d - 5*n + 6 = 16. Suppose -d = 3*s + 1. What are the prime factors of (5/(-2))/(s/4)?
5
Let v = 4 - 0. Suppose -v*g = -4*i + 8, -3*g + i + 26 = 6*i. Suppose 6 = -y + g*a + 28, 0 = -y + 5*a + 37. List the prime factors of y.
2, 3
Let z(h) = -h + 4. Let a be z(4). List the prime factors of -2 + a + 2 - -9.
3
Let z(c) = -c**2 + 9*c + 25 + c**2 - 9 - c**2. Let v be z(11). Let l = 20 + v. What are the prime factors of l?
2, 7
Suppose -1 + 17 = 4*f. Suppose f*j + j + 5 = 0, i = 5*j + 19. List the prime factors of i.
2, 7
Suppose 0 + 10 = 2*q. Suppose -q*z + 0*z + 21 = 3*u, z - u - 1 = 0. Suppose -1 = -h + z*d, -3*d = -2*h - 4*d + 23. List the prime factors of h.
2, 5
Suppose -8 + 58 = -5*i. Let n = -5 - i. List the prime factors of n.
5
Let b(g) = -31*g. What are the prime factors of b(-1)?
31
Let q be (15/12)/(1/4). Suppose q*y = 35 + 20. List the prime factors of y.
11
Let x be 10*10/4*1. Suppose f = -4*f + x. List the prime factors of f.
5
Let b(h) = -h**3 - h + 1. Let u(d) = 2*d**3 + 11*d**2 + 17*d - 21. Let g(o) = 3*b(o) + u(o). List the prime factors of g(12).
2, 3
Suppose 15 = 4*p - 3*s, p + 2*s = -3*p + 10. Suppose -3*m - 69 = -4*a, -p*a - 4*m + 83 = -0*m. What are the prime factors of a?
3, 7
Suppose 4*o - 43 = 3*m, 2*m - 2 = 2*o - 26. Let f(v) = 9*v - 8. Let w(q) = -10*q + 9. Let u(c) = 7*f(c) + 6*w(c). List the prime factors of u(o).
19
Let t(b) = 3*b - 1. Let r(j) = 7*j - 3. Let i(c) = -6*r(c) + 15*t(c). Suppose 0 = 3*d - 12, -o + 2*d = -2*d + 13. What are the prime factors of i(o)?
2, 3
Let h(u) = u + 2. Let r be h(0). Suppose 0 = -y - r*y + 36. List the prime factors of y.
2, 3
Suppose -12*g = -7*g - 570. List the prime factors of g.
2, 3, 19
Let q(b) = -67*b + 5. What are the prime factors of q(-1)?
2, 3
Let w = 38 - -62. List the prime factors of w.
2, 5
Suppose 3*a - 2*c - 8 = 0, 5*a - 9 = -2*c + c. Suppose 0*d + 54 = a*d. List the prime factors of d.
3
Suppose 3*u - 15 = -0*u. Suppose 0 = -2*q - 2*o + 12, -u*q + 14 = -3*o - 8. Suppose m + 4 = -1, -q*l + 3*m + 110 = 0. What are the prime factors of l?
19
Suppose 2*z = -2*z + 2*s - 90, -5*s + 120 = -5*z. List the prime factors of (z/6)/(2/(-4)).
7
Let t = 9 + -6. Let m(y) = -y**3 - t*y**2 - y**2 + 12 - 6*y**2 - 8*y. What are the prime factors of m(-9)?
3
Let g = 13 + -7. Suppose -g + 2 = -2*v. List the prime factors of v.
2
Let r be (-50)/(-5 + 3/1). Let w = 0 + r. List the prime factors of w.
5
Suppose 8 = 2*u, -3*u = -2*w - u + 248. What are the prime factors of w?
2
Suppose -4*c = -0*c + 5*m - 782, 0 = 4*c - 3*m - 766. List the prime factors of c.
193
Let s be (-6019)/(-9) + (-8)/(-36). Let i = -957 + s. List the prime factors of (-2)/(-7) - i/21.
2, 7
Let z = 1 + -1. Let y = -11 + 31. Suppose 4*f - y = 2*u, 0 = -z*u + u. What are the prime factors of f?
5
Let c(x) = x**2 - x - 3. Let h be c(6). Suppose 0*n = -n + 4*a + h, -a - 103 = -3*n. List the prime factors of n.
5, 7
Let t = -319 + 469. Suppose 3*r + r - t = 2*y, 3*r - 120 = 3*y. List the prime factors of r.
5, 7
Let k(l) = -5*l - 5. Let v be k(-6). Let x = 40 - v. What are the prime factors of x?
3, 5
Let t be (-76)/18 + 4/18. Let z = t + 14. List the prime factors of z.
2, 5
Suppose 0 = -3*y + 4*j - 2*j + 542, 0 = 4*y - 4*j - 720. List the prime factors of y.
2, 7, 13
Let s(o) be the second derivative of 5*o**4/12 + 2*o**3/3 - 3*o**2/2 + 8*o. What are the prime factors of s(2)?
5
Suppose 2 = -3*g + 14. List the prime factors of g.
2
Let f(v) = 4 - v**2 - v + 0*v**2 - 5*v + 1. Let d be f(-4). Suppose 5*y = 92 + d. List the prime factors of y.
3, 7
Suppose -4*z + 2*z + 3*i = -194, -494 = -5*z + 3*i. List the prime factors of z.
2, 5
Suppose -3*j + 156 = 4*t, -5*j + 3*t = -2*j - 135. What are the prime factors of j?
2, 3
Let l(d) = d - 5. Let q be l(6). What are the prime factors of (-4)/((-4)/34*q)?
2, 17
Let z(w) = 33*w**2 + 1. List the prime factors of z(-1).
2, 17
Suppose 21 = -5*z + 5*f - 2*f, 6 = z - 4*f. Let m(d) = -d - 2. Let u be m(0). Let r = u - z. What are the prime factors of r?
2
Let i = -25 - -85. List the prime factors of i.
2, 3, 5
Let x be -3 + (1 - -3) + 1. Let d(t) = 3*t**2 + 3*t - 2. What are the prime factors of d(x)?
2
Let m(x) = 15*x. Let w be m(2). Let c = w + -20. What are the prime factors of c?
2, 5
Let v(r) = -6*r**2 - 2*r - 1. Let p be v(-2). Let l = p + 29. What are the prime factors of l?
2
Let i(f) = f**3 - 5*f**2 + 2*f - 7. Let u be i(5). Suppose -u*h = 3*x - 51, -4*h = -3*x + 19 - 52. List the prime factors of h.
2, 3
List the prime factors of -44*1*1/(-1).
2, 11
Let l(j) = 2*j - 4. Let n be l(3). List the prime factors of (n - 1) + 7 + -4.
2
Suppose 8 = 4*p - 5*p. Let m = p - -17. Let l(y) = -y**3 + 9*y**2 + 2*y - 3. List the prime factors of l(m).
3, 5
Suppose -3*b = -3*d + 10 + 17, d - 4*b = 0. List the prime factors of (-105)/(-5)*d/14.
2, 3
Suppose q + 115 + 45 = 0. What are the prime factors of ((-6)/5)/(24/q)?
2
Suppose -6 = -2*c + 3*k, -2*c - 10 = -0*c + 5*k. Let b(y) = -y - 2. Let v be b(c). What are the prime factors of 0 - -3*(v - -3)?
3
Suppose -10 = 3*f - 5*b - 491, b = 4*f - 647. List the prime factors of f.
2, 3
Let b = -4 + 6. Suppose b*m - 21 = m. List the prime factors of m.
3, 7
Let y(r) = r**3 - 4*r**2 + 3*r + 4. List the prime factors of y(2).
2
Suppose 0 = -3*b - 3*q + 3, -4*b = 2*q - 7*q + 14. Let i = -4 - -6. Let o = i - b. List the prime factors of o.
3
Suppose -3*g + 7*g + 100 = 0. Let b = g - -52. Let w = b - 19. List the prime factors of w.
2
Let h be ((-8)/(-6))/(8/(-12)). Let q be (72/15)/(h/10). List the prime factors of q/(-20)*(-50)/(-4).
3, 5
Let u = 4 + -2. Suppose 3*i = -u*i + 175. Suppose 5*v = -5*b + i, -5 = b - 3. List the prime factors of v.
3
Let l(r) be the second derivative of r**5/20 - r**4 + 2*r**3 - 4*r. What are the prime factors of l(11)?
11
Let t(w) = -4*w**3 - w**2 + w + 1. Let k be t(-1). Let o be 3/2 - k/(-6). List the prime factors of 2 - (-2*1)/o.
3
Let x(i) = -i + 0*i**3 - 3*i**2 - i**2 + 6*i + i**3 - 2. Let p be x(3). Suppose -3*h + 2*w + 27 = 0, -p*h - 4*w + 45 = -h. List the prime factors of h.
11
Let g be 1*(-2)/(-2)*8. Let c = 15 + -12. Let q = g - c. List the prime factors of q.
5
Suppose -4*z + 4 + 24 = 4*k, -25 = -5*k - 3*z. Suppose -k*w = -0 - 4. Suppose 2*c = -h + 7, w*c + 56 = 2*h + 12. What are the prime factors of h?
17
Let l = 271 - 73. What are the prime factors of l?
2, 3, 11
List the prime factors of 168/(3 + -2) + (-44)/11.
2, 41
Suppose -2*q = 2*q - 120. What are the prime factors of q?
2, 3, 5
Let u = -20 - -134. What are the prime factors of u?
2, 3, 19
Let u = 12 - -125. List the prime factors of u.
137
Suppose 324 = 3*z + s - 28, 2*s - 585 = -5*z. List the prime factors of z.
7, 17
Let c = 27 + -57. Let g be 6/(-8) - (-69)/(-4). Let v = g - c. List the prime factors of v.
2, 3
Suppose 0 = 2*s + 2 - 6. Suppose -s*u + 21 = -3*u. Let h = u + 36. List the prime factors of h.
3, 5
Let s = 1 - 6. What are the prime factors of ((-195)/(-6))/s*-2?
13
Let c = -179 - -425. List the prime factors of c.
2, 3, 41
Let g be (-9)/5 + (-2)/10. What are the prime factors of 4/(g/4*-1)?
2
Let h(y) = y - 5. Let r be h(9). Suppose 1 - r = -f. List the prime factors of f.
3
Let r(b) = -b**2 - 11*b + 12. What are the prime factors of r(-11)?
2, 3
Suppose -4*x + 0*x = 2*u - 54, 3*x - 43 = -2*u. What are the prime factors of x?
11
Suppose 0 = -x + 5*a + 36, -3*a + 2*a = -4*x + 49. List the prime factors of x.
11
Let u(x) = 4*x**2 - 6*x + 3. What are the prime factors of u(4)?
43
Suppose 3*x - 6*x = 2*n + 2, -2*x - 2*n - 4 = 0. List the prime factors of ((-12)/(-10))/(x/5).
3
Suppose 2*b - 24 = 5*s, -5*s